{"id":768,"date":"2018-08-30T19:50:38","date_gmt":"2018-08-30T22:50:38","guid":{"rendered":"https:\/\/israyuela-mza.infd.edu.ar\/sitio\/profesorado-educacion-inicial\/"},"modified":"2025-12-16T19:57:35","modified_gmt":"2025-12-16T22:57:35","slug":"profesorado-educacion-inicial","status":"publish","type":"page","link":"https:\/\/israyuela-infd.mendoza.edu.ar\/sitio\/profesorado-educacion-inicial\/","title":{"rendered":"Profesorado Educaci\u00f3n Inicial"},"content":{"rendered":"\n<p><\/p>\n\n\n\n<ul>\n<li><strong>\u00a0<a href=\"https:\/\/drive.google.com\/drive\/folders\/1H1JdbEaVr2VgKmpxCT0FsMfmkYgvQRta\">Res. N\u00ba 2023-6867-E-GDEMZA-DGE<\/a>. Con validez nacional\u00a0<\/strong>T\u00edtulo \u201cA\u201d para cargo de Profesor de Educaci\u00f3n Inicial.<\/li>\n\n\n\n<li>Habilitaci\u00f3n para el desempe\u00f1o en Jardines Maternales (atenci\u00f3n de ni\u00f1os de 45 d\u00edas a 3 a\u00f1os) y Preescolar (ni\u00f1os de 4 y 5 a\u00f1os).<\/li>\n<\/ul>\n\n\n\n<p><strong>Informaci\u00f3n y Orientaci\u00f3n<\/strong><\/p>\n\n\n\n<p>Por qu\u00e9 Rayuela<\/p>\n\n\n\n<p>Garant\u00eda de formaci\u00f3n. Fundaci\u00f3n Rayuela cuenta con m\u00e1s de 38 a\u00f1os de trayectoria en capacitaci\u00f3n a docentes y profesionales de la educaci\u00f3n. Por eso ofrecemos:<\/p>\n\n\n\n<ul>\n<li>Docentes con experiencia y especializaci\u00f3n.<\/li>\n\n\n\n<li>Trabajo en equipo de nuestro personal en la programaci\u00f3n e implementaci\u00f3n de los planes.<\/li>\n\n\n\n<li>Personalizaci\u00f3n del proceso educativo.<\/li>\n\n\n\n<li>Tutor\u00eda y orientaci\u00f3n desde el inicio de actividades hasta el egreso.<\/li>\n\n\n\n<li>Realizaci\u00f3n continua de experiencias vinculadas con la realidad.<\/li>\n\n\n\n<li>Clima institucional que promueve la creatividad.<\/li>\n\n\n\n<li>Equipamiento inform\u00e1tico disponible para la formaci\u00f3n de los estudiantes.<\/li>\n\n\n\n<li>Evaluaci\u00f3n continua para asegurar aprendizajes.<\/li>\n\n\n\n<li>Biblioteca con actualizaci\u00f3n permanente.<\/li>\n\n\n\n<li>Actividades para la proyecci\u00f3n personal y el desarrollo de habilidades especiales.<\/li>\n<\/ul>\n\n\n\n<p><strong>Condiciones de Ingreso<\/strong><\/p>\n\n\n\n<p>Se requiere tener aprobado el Nivel Medio o Polimodal.<\/p>\n\n\n\n<p><strong>Documentaci\u00f3n<\/strong><\/p>\n\n\n\n<ul>\n<li>Copia autenticada del certificado anal\u00edtico de estudios secundarios<\/li>\n\n\n\n<li>Copia de la partida de nacimiento<\/li>\n\n\n\n<li>Fotocopia del Documento Nacional de Identidad<\/li>\n\n\n\n<li>Cuatro fotos carnet<\/li>\n\n\n\n<li>Certificado de aptitud f\u00edsica para los estudios superiores (organismo p\u00fablico o Centro Dr. Emilio Coni)<\/li>\n<\/ul>\n\n\n\n<p><strong>Proceso de admisi\u00f3n<\/strong><\/p>\n\n\n\n<p>La admisi\u00f3n a la instituci\u00f3n procura el conocimiento de las condiciones del ingresante y el contacto con la realidad de la instituci\u00f3n. Los pasos son los siguientes:<\/p>\n\n\n\n<p>&#8211; Entrevista personal con un Profesor del Instituto: Esta entrevista tiene como objetivo conocer las capacidades y expectativas de los alumnos.<br>&#8211; Per\u00edodo de Ambientaci\u00f3n: Se estipula un per\u00edodo de actividad grupal con din\u00e1micas de contactos, integraci\u00f3n y conocimiento, para que el alumno se familiarice con la instituci\u00f3n, su proyecto institucional, sus profesores y sus compa\u00f1eros.<br>&#8211; Atenci\u00f3n personalizada para casos que as\u00ed lo requieran.<\/p>\n\n\n\n<p><strong>Inserci\u00f3n laboral<\/strong><\/p>\n\n\n\n<p><em>Educaci\u00f3n para el trabajo<br><\/em>Desde el 1er a\u00f1o, en la tem\u00e1tica del mundo del trabajo y en su futura vida profesional. Se los enfrenta, con su trayectoria laboral anterior a la carrera elegida y a la vez se les presenta el perfil de egreso. El espacio curricular \u00abPr\u00e1ctica e Integraci\u00f3n\u00bb es el eje central y articulador de las carreras, esto le da sentido a todos los contenidos y logra el aprendizaje significativo en funci\u00f3n del saber hacer.<\/p>\n\n\n\n<p><em>Ubicaci\u00f3n de los egresados<\/em><\/p>\n\n\n\n<p>Este a\u00f1o egresa nuestra primera cohorte. El Profesor de Nivel Inicial se desempe\u00f1a en Establecimientos Estatales o Privados de Ense\u00f1anza Formal como as\u00ed tambi\u00e9n en Jardines Maternales barriales o que dependan de las Municipalidades u ONG que brindan atenci\u00f3n integral a ni\u00f1os entre los 45 d\u00edas y los 4 a\u00f1os de edad.<\/p>\n\n\n\n<p>El conjunto de estrategias y acciones desplegadas en las primeras instancias de formaci\u00f3n de nuestros futuros docentes ir\u00e1n construyendo su profesionalidad reelaborando y resignificando sus propias experiencias de vida, de formaci\u00f3n y de socializaci\u00f3n. En un marco contextual de constante cambio nuestro objetivo es formar profesionales con las herramientas necesarias para actuar, pero tambi\u00e9n reflexionar sobre su pr\u00e1ctica.<\/p>\n\n\n\n<p><strong>Duraci\u00f3n<\/strong><\/p>\n\n\n\n<p>Dura cuatro a\u00f1os que constan de 8 semestres.<\/p>\n\n\n\n<p><strong>Turnos disponibles<\/strong><\/p>\n\n\n\n<ul>\n<li>Lunes a viernes de 8.30 a 13.30 h. <\/li>\n\n\n\n<li><\/li>\n<\/ul>\n\n\n\n<p><strong>Fecha de inicio<\/strong><\/p>\n\n\n\n<p>Marzo 2026. Se recomienda anticipar la inscripci\u00f3n para recibir orientaci\u00f3n temprana de estudios.<\/p>\n\n\n\n<p><strong>Pago de aranceles &#8211; <a href=\"http:\/\/wa.me\/542616802135\">Consultar valores actualizados AQU\u00cd<\/a><\/strong><\/p>\n\n\n\n<p><strong>Perfil y Plan de Estudios<\/strong><\/p>\n\n\n\n<p><em>En lo personal<\/em><\/p>\n\n\n\n<p>&#8211; Integra su profesi\u00f3n a sus capacidades personales y lo demuestra en sus propuestas y acciones cotidianas.<br>&#8211; Comprende las caracter\u00edsticas del mundo en cambio y act\u00faa con solidaridad.<br>&#8211; Tiene un comportamiento responsable que expresa valores e ideales que procura realizar con sus alumnos<\/p>\n\n\n\n<p><em>Como educador<\/em><br>&#8211; Es capaz de conocer las condiciones y expectativas de sus alumnos y programar y desarrollar una propuesta educativa pertinente.<br>&#8211; Maneja los conocimientos y disciplinas b\u00e1sicas necesarias para el aprendizaje seg\u00fan el dise\u00f1o curricular del nivel inicial<br>&#8211; Maneja herramientas did\u00e1cticas, tecnol\u00f3gicas y los recursos de aprendizaje propios del nivel inicial.<br>&#8211; Estimula las capacidades expresivas de sus alumnos para la afirmaci\u00f3n de la persona y su integraci\u00f3n social.<br>&#8211; Reconoce las capacidades que es necesario desarrollar en los alumnos en relaci\u00f3n con aprendizajes cognitivos.<br>&#8211; Demuestra capacidades para seguir aprendiendo desde la pr\u00e1ctica y por el est\u00edmulo de la demanda y de la creatividad.<\/p>\n\n\n\n<p><em>En la vida institucional<\/em><\/p>\n\n\n\n<p>&#8211; Es capaz de trabajar en equipo con compa\u00f1eros en el acuerdo de planes y la ejecuci\u00f3n de actividades.<br>&#8211; Participa proactivamente en actividades institucionales tanto para la atenci\u00f3n de las propuestas educativas como de la vinculaci\u00f3n con el contexto y la familia.<br>&#8211; Comprende y participa en las actividades contextuales de la organizaci\u00f3n.<br>En lo social<br>&#8211; Demuestra recursos de comunicaci\u00f3n interpersonal, grupal e institucional.<br>&#8211; Ejerce un liderazgo de servicio en las diferentes actividades que le toca realizar y cultiva h\u00e1bitos de fortalecimiento del desarrollo personal.<\/p>\n\n\n\n<p><strong>PLAN DE ESTUDIOS<\/strong><\/p>\n\n\n\n<h5 class=\"wp-block-heading\"><strong>PRIMER A\u00d1O<\/strong><\/h5>\n\n\n\n<ol>\n<li>Pensamiento Filos\u00f3fico<\/li>\n\n\n\n<li>Sistema educativo<\/li>\n\n\n\n<li>Comprensi\u00f3n y Producci\u00f3n de textos acad\u00e9micos<\/li>\n\n\n\n<li>Pedagog\u00eda<\/li>\n\n\n\n<li>Centralidad del Juego<\/li>\n\n\n\n<li>Juego y producci\u00f3n de objetos l\u00fadicos<\/li>\n\n\n\n<li>Lenguajes art\u00edsticos expresivos \u2013 teatro<\/li>\n\n\n\n<li>Lenguajes art\u00edsticos expresivos \u2013 m\u00fasica<\/li>\n\n\n\n<li>Pr\u00e1ctica Profesional Docente I<\/li>\n<\/ol>\n\n\n\n<h5 class=\"wp-block-heading\"><strong>SEGUNDO A\u00d1O<\/strong><\/h5>\n\n\n\n<ol start=\"10\">\n<li>Did\u00e1ctica<\/li>\n\n\n\n<li>Instituciones Educativas<\/li>\n\n\n\n<li>Psicolog\u00eda Educacional<\/li>\n\n\n\n<li>Educaci\u00f3n y Atenci\u00f3n Temprana al Desarrollo Infantil<\/li>\n\n\n\n<li>Did\u00e1ctica de Jard\u00edn Maternal<\/li>\n\n\n\n<li>Pr\u00e1cticas Ling\u00fc\u00edsticas en Educaci\u00f3n Inicial<\/li>\n\n\n\n<li>Lenguajes art\u00edsticos expresivos \u2013 artes visuales<\/li>\n\n\n\n<li>Educaci\u00f3n Matem\u00e1tica Temprana e Inicial I<\/li>\n\n\n\n<li>Sujetos de la Educaci\u00f3n<\/li>\n\n\n\n<li>Pr\u00e1ctica Profesional Docente II<\/li>\n<\/ol>\n\n\n\n<h5 class=\"wp-block-heading\"><strong>TERCER A\u00d1O<\/strong><\/h5>\n\n\n\n<ol start=\"20\">\n<li>Gesti\u00f3n y evaluaci\u00f3n de los aprendizajes<\/li>\n\n\n\n<li>Proyectos de Intervenci\u00f3n Socioeducativa<\/li>\n\n\n\n<li>Educaci\u00f3n en la diversidad<\/li>\n\n\n\n<li>Literatura Infantil<\/li>\n\n\n\n<li>Did\u00e1ctica de Jard\u00edn de Infantes<\/li>\n\n\n\n<li>Educaci\u00f3n Matem\u00e1tica Inicial II<\/li>\n\n\n\n<li>Alfabetizaci\u00f3n Temprana e Inicial<\/li>\n\n\n\n<li>Did\u00e1ctica del ambiente natural<\/li>\n\n\n\n<li>Did\u00e1ctica del ambiente social<\/li>\n\n\n\n<li>Motricidad en JM y en JI<\/li>\n\n\n\n<li>Pr\u00e1ctica Profesional Docente III<\/li>\n<\/ol>\n\n\n\n<h5 class=\"wp-block-heading\"><strong>CUARTO A\u00d1O<\/strong><\/h5>\n\n\n\n<ol start=\"31\">\n<li>ESI<\/li>\n\n\n\n<li>Educaci\u00f3n y tecnolog\u00edas digitales<\/li>\n\n\n\n<li>Historia y Patrimonio cultural de Mendoza<\/li>\n\n\n\n<li>Espacio de Formaci\u00f3n Complementaria General<\/li>\n\n\n\n<li>Problem\u00e1ticas de la Ed. Inicial<\/li>\n\n\n\n<li>Salud y cultura del cuidado<\/li>\n\n\n\n<li>Formaci\u00f3n \u00c9tica y Ciudadana y su Did\u00e1ctica<\/li>\n\n\n\n<li>Formaci\u00f3n complementaria Espec\u00edfica<\/li>\n\n\n\n<li>Pr\u00e1ctica Profesional Docente IV<\/li>\n<\/ol>\n\n\n\n<p><\/p>\n\n\n\n<p><strong>Informes<\/strong><\/p>\n\n\n\n<p>San Luis 545, Ciudad de Mendoza<br>Tel. (0261) 4295324<br>comunicacion@fundacionrayuela.org.ar<br>WhatsApp +5492616802135<\/p>\n","protected":false},"excerpt":{"rendered":"<p>Informaci\u00f3n y Orientaci\u00f3n Por qu\u00e9 Rayuela Garant\u00eda de formaci\u00f3n. Fundaci\u00f3n Rayuela cuenta con m\u00e1s de 38 a\u00f1os de trayectoria en capacitaci\u00f3n a docentes y profesionales de la educaci\u00f3n. Por eso ofrecemos: Condiciones de Ingreso Se requiere tener aprobado el Nivel Medio o Polimodal. Documentaci\u00f3n Proceso de admisi\u00f3n La admisi\u00f3n a la instituci\u00f3n procura el conocimiento &#8230; <a title=\"Profesorado Educaci\u00f3n Inicial\" class=\"read-more\" href=\"https:\/\/israyuela-infd.mendoza.edu.ar\/sitio\/profesorado-educacion-inicial\/\" aria-label=\"More on Profesorado Educaci\u00f3n Inicial\">[+]<\/a><\/p>\n","protected":false},"author":15,"featured_media":0,"parent":0,"menu_order":0,"comment_status":"closed","ping_status":"closed","template":"","meta":[],"acf":[],"_links":{"self":[{"href":"https:\/\/israyuela-infd.mendoza.edu.ar\/sitio\/wp-json\/wp\/v2\/pages\/768"}],"collection":[{"href":"https:\/\/israyuela-infd.mendoza.edu.ar\/sitio\/wp-json\/wp\/v2\/pages"}],"about":[{"href":"https:\/\/israyuela-infd.mendoza.edu.ar\/sitio\/wp-json\/wp\/v2\/types\/page"}],"author":[{"embeddable":true,"href":"https:\/\/israyuela-infd.mendoza.edu.ar\/sitio\/wp-json\/wp\/v2\/users\/15"}],"replies":[{"embeddable":true,"href":"https:\/\/israyuela-infd.mendoza.edu.ar\/sitio\/wp-json\/wp\/v2\/comments?post=768"}],"version-history":[{"count":8,"href":"https:\/\/israyuela-infd.mendoza.edu.ar\/sitio\/wp-json\/wp\/v2\/pages\/768\/revisions"}],"predecessor-version":[{"id":956,"href":"https:\/\/israyuela-infd.mendoza.edu.ar\/sitio\/wp-json\/wp\/v2\/pages\/768\/revisions\/956"}],"wp:attachment":[{"href":"https:\/\/israyuela-infd.mendoza.edu.ar\/sitio\/wp-json\/wp\/v2\/media?parent=768"}],"curies":[{"name":"wp","href":"https:\/\/api.w.org\/{rel}","templated":true}]}}